the prime factors of g?
37
Let l(t) = -17*t + 2. What are the prime factors of l(-2)?
2, 3
List the prime factors of -1 + -1 + 2 + (-366)/(-3).
2, 61
Suppose -d + 8 = 3*d. Suppose -l + 6 = 3*u + 2*l, -13 = -d*u - 5*l. Let b = u - -6. What are the prime factors of b?
5
List the prime factors of (-19 - 1)/(3*(-3)/18).
2, 5
Let s(h) = -h**2 + 4*h + 1. Let k be s(3). Suppose 0 = 5*b - k*b. Suppose -3*d = -2*m - 34 - b, 2*m = d - 14. List the prime factors of d.
2, 5
Suppose -5*k = f - 194, 2*f - 5*k - 482 = -f. List the prime factors of f.
13
Let l = -39 + 176. List the prime factors of l.
137
Let s(t) be the first derivative of -1/4*t**4 - 3*t**3 - 2 - 5*t - 11/2*t**2. List the prime factors of s(-8).
19
Suppose 4 = -5*w - 16. Let k be 2/w - (-11)/2. Suppose -v + 0*v + 45 = 4*y, k*v - 5 = 0. What are the prime factors of y?
11
Let b(f) be the first derivative of 5*f**4/4 - f**3 + 3*f**2/2 - 2*f + 6. List the prime factors of b(2).
2
Suppose 3*u = 2*u + 6. Suppose -5*i = -3*i - u, -2*s = 3*i - 41. What are the prime factors of s?
2
What are the prime factors of (-2)/4*-2*67?
67
Let t(s) be the third derivative of s**5/60 + 5*s**4/12 + 11*s**3/6 + 4*s**2. Let j = 24 + -34. What are the prime factors of t(j)?
11
Suppose -32 = -3*y + 1. What are the prime factors of y?
11
Let n(a) = -a**2 + 4*a + 2. Let c be n(4). Suppose 2*g + 5*p - 8 = 5, 20 = 2*g - c*p. Let u = g - -2. List the prime factors of u.
11
Let b(f) = f + 9. Let q be b(-8). Let a(c) = 36*c - 1. What are the prime factors of a(q)?
5, 7
Suppose 3*w + 0*q - 248 = 4*q, w - 80 = 2*q. List the prime factors of w.
2, 11
Let w = 4 - 16. List the prime factors of (-60)/(-14) - w/(-42).
2
Let n(r) = -14*r + 2. Let x be n(-2). What are the prime factors of (14/10 + -1)*x?
2, 3
Let v(f) = f**2 + 9*f - 3. Let d be v(-8). Let x = d + 28. What are the prime factors of x?
17
Let k = -3 + -3. Let f(m) = 4*m**3 + 6*m**2 + m - 2. Let r(w) = 3*w**3 + 6*w**2 + w - 3. Let s(q) = 2*f(q) - 3*r(q). List the prime factors of s(k).
11
Suppose 4*d + 0 - 8 = 0. Suppose 0 = 7*b - d*b - 95. Suppose -2*x + x = 3*w - 22, -w = 2*x - b. List the prime factors of x.
7
Let t(j) be the second derivative of -j**4/12 - 5*j**3/3 - 2*j**2 + j. What are the prime factors of t(-7)?
17
Let y = -5 + 8. Suppose 3*q - 55 = -l - y*l, -3*l + 3*q + 15 = 0. What are the prime factors of l?
2, 5
Let y be 2/2 - (2 + -4). Suppose -3*u = -s - 62, -y*s - 70 = -3*u - 4*s. List the prime factors of u.
2, 11
Suppose -2*p - 2*p = 0. What are the prime factors of 9 + (1 - (1 + p))?
3
Let g(s) = -3*s + 1. Let f be g(-1). Suppose -i = -3*z + 41, -z + 4*i = f*z - 66. List the prime factors of z.
2, 7
Let l = -25 + 16. Let q = l + 13. Suppose 3*k = 4*i + 41, -5*i - q = -0*k + 3*k. What are the prime factors of k?
7
Let l be (18 - 2) + -1*2. Suppose -l = -g - 0*n + 3*n, 0 = -5*g - 2*n + 36. What are the prime factors of g?
2
Suppose -2*z + 5*a + 14 = 0, -3*z + 14 = -z + 3*a. List the prime factors of z.
7
Suppose 4*c - 46 = -3*y - 0*c, 3*c + 53 = 4*y. List the prime factors of y.
2, 7
Let y = 26 + -56. List the prime factors of (6/5)/((-4)/y).
3
Let z(b) = -b + 13. Suppose 0 = -3*x + 5*t + 20, -4*x - t - 4 = -0*x. List the prime factors of z(x).
13
Let l(j) = -51*j**3 + j**2 + j + 1. Let p be l(-1). Suppose -3*h + 2*z = -54, -2*z - p + 14 = -2*h. List the prime factors of h.
2
Let n(c) = c**2 + 2*c - 11. List the prime factors of n(5).
2, 3
Let w(b) = 16*b + 2. Let m be w(6). Suppose 4*z - 30 - m = 0. List the prime factors of z.
2
Suppose 4*w = -12, -29 = -j - 4*w + 76. List the prime factors of j.
3, 13
Let b(n) = -5*n + 3. Let s be b(3). Let p = 19 + s. What are the prime factors of p?
7
Suppose 4*x = -9*m + 7*m + 354, 0 = -5*x. List the prime factors of m.
3, 59
Suppose -3*m + 0*j + 5*j = -49, 4*m = -j + 27. List the prime factors of m.
2
Suppose -482 - 1703 = -5*w. List the prime factors of w.
19, 23
What are the prime factors of 1*(-2 - 182/(-3 - -1))?
89
Suppose 0 = -2*h - 5*t + 97, 3*h - 122 + 14 = 5*t. What are the prime factors of h?
41
Suppose 3*x + 1220 = 4*o, -o + 3*x + 294 = 5*x. List the prime factors of o.
2, 151
Let w be (-3)/(-3)*-2 + -13. Let h = 27 + w. List the prime factors of h.
2, 3
Let k = -4 + 7. Let w(q) = -4*q + 1. Let b(n) = n. Let v(z) = -12*b(z) - 4*w(z). What are the prime factors of v(k)?
2
List the prime factors of 171 + 0 + -7*4/(-28).
2, 43
Let r(b) = b**3 + 11*b**2 - 16*b + 4. What are the prime factors of r(-12)?
2, 13
Let v be ((-2)/4)/((-5)/(-40)). Let s = v + 9. Suppose 5*y = s*g - 10, y + 3*y - 5*g = -13. What are the prime factors of y?
3
Let l(c) = -c**3 - 2*c**2 + 6*c + 4. Let r be l(-4). Let x = r - 6. List the prime factors of x.
2, 3
Let i(z) = -z**3 + 6*z**2 - 4*z + 4. Let m be (1 - -1) + 2/1. Suppose -m*v = -j - 25, 4*v - j - 10 = -3*j. What are the prime factors of i(v)?
3
Suppose -7*x = -5*x - 74. Suppose x = -4*k + 97. List the prime factors of k.
3, 5
Let o = -1 - -3. Let z = o + 0. Suppose y = 5 + z. List the prime factors of y.
7
Let h(f) be the first derivative of f**3/3 - 11*f**2/2 + 5*f - 6. List the prime factors of h(11).
5
Let z(k) = -k**3 + 18*k**2 + k + 13. List the prime factors of z(18).
31
Let y(k) = -2*k - 8. Let h(w) = w + 3. Let i(j) = 10*h(j) + 3*y(j). Let g be i(-4). Let b = 16 + g. What are the prime factors of b?
2, 3
Let a be (9/(-9))/(2/(-4)). Suppose -2*w + 23 = 5*q, a*w - 11 = -3. List the prime factors of q.
3
What are the prime factors of 13 + (2 + -3)*3?
2, 5
Let s(w) = 8*w + 57. List the prime factors of s(0).
3, 19
Let t be -26*(-3 - 1/(-2)). Suppose 3*u + 3*d = 33, -5*u + d = -t - 8. List the prime factors of u.
2, 7
Let g = -27 + 52. List the prime factors of g.
5
List the prime factors of ((-4)/(-8))/((-4)/(-424)).
53
Suppose -2*g = u + 3*u - 712, -4*g = 3*u - 1444. What are the prime factors of g?
2, 7, 13
Let x(l) = 11*l**2 + 2 - 5 + 2 + l. Let z be (-1)/2 + (-6)/(-4). What are the prime factors of x(z)?
11
Suppose -f = -4*t - 36, 3*f - 6*t + t - 73 = 0. List the prime factors of ((-72)/32)/((-3)/f).
2, 3
Let t(j) = j**3 + 4*j**2 - j + 1. Let x be 152/(-24)*(-4 - -1). Suppose -5*q + 2 - x = u, 6 = -2*q. What are the prime factors of t(u)?
11
Let g be 1/(-4) - (-7)/(-4). Let y = g - 4. What are the prime factors of (-3)/y + (-9)/(-2)?
5
Let z = 516 + -236. List the prime factors of z.
2, 5, 7
Suppose -2*z + 78 = -5*h, 238 + 19 = 5*z + 3*h. What are the prime factors of z?
7
Let l = 23 + -25. List the prime factors of 6 + 2 + 1 + l.
7
Let n = 28 - 51. Let h = 53 + n. List the prime factors of h.
2, 3, 5
Let k(w) = -5*w - 17. Let g be k(-13). Let j = g - 24. List the prime factors of j.
2, 3
Let k(a) = 21*a + 34. What are the prime factors of k(6)?
2, 5
Suppose -350 = 2*t - 7*t. What are the prime factors of t?
2, 5, 7
Let a(d) = d**2 - d + 1. Let h be a(-3). Suppose -32 + h = -n. List the prime factors of n.
19
Suppose 0 = -4*y + 175 + 605. List the prime factors of y.
3, 5, 13
Let a be 207/54 - 2/(-12). Suppose -2*k - a*l = -40, 3*l + 113 = 6*k - k. What are the prime factors of k?
2, 11
Suppose -61 - 39 = -2*g. What are the prime factors of g?
2, 5
Let n(p) = p**2 - 4*p - 6. List the prime factors of n(-11).
3, 53
Let x = 315 + -160. List the prime factors of x.
5, 31
Suppose -5*u + 59 = 4*t, -2*t = 3*t + 20. Suppose -5*f + 72 = -f. What are the prime factors of 10/3*f/u?
2
Let w(c) be the first derivative of c**3/3 - 2*c**2 - 8*c - 2. What are the prime factors of w(6)?
2
Let k(u) = -4*u**2. Let f(g) = -5*g**2 - g - 1. Let z(v) = 3*f(v) - 4*k(v). What are the prime factors of z(7)?
5
Let j(l) = -l**3 - 4*l**2 + 6*l - 5. What are the prime factors of j(-6)?
31
Suppose 13 = -l + 37. What are the prime factors of l?
2, 3
Suppose 5*i - 115 - 62 = -3*f, -3*i - 3*f + 111 = 0. Suppose 67 = 4*t - i. List the prime factors of t.
5
Suppose -6*t + 10*t = -92. Let u = 55 + t. List the prime factors of u.
2
Let m = -6 - -27. Let a = m + -3. List the prime factors of a.
2, 3
Let i(j) = -36*j**2 - 6*j. Let d(s) = 7*s**2 + s. Let n(z) = 11*d(z) + 2*i(z). Suppose -3*a = -4 + 1. List the prime factors of n(a).
2
Let n = -30 - -41. What are the prime factors of n?
11
Let w be (180/16)/(2/24). Let u = w + -93. What are the prime factors of ((-12)/(-18))/(4/u)?
7
Let m be (-7)/(-2)